e (-4)/(-6)*(-180)/(-15) - 6. Calculate q(d).
-20
Let f = 2811 - 2803. Let q(p) = -2*p**2 + 21*p - 22. Calculate q(f).
18
Let f(h) = h**3 - 5*h**2 + 75*h - 27. Let u(y) = 4*y**3 - 23*y**2 + 300*y - 110. Let v(l) = 15*f(l) - 4*u(l). Determine v(10).
-15
Let b(k) be the first derivative of -k**4/12 + 11*k**3/6 - 9*k**2/2 - 34*k - 45. Let u(v) be the first derivative of b(v). Calculate u(9).
9
Let d(s) = s**2 + 7*s + 4. Let z be 8/((-56)/(-21)) + (30 - 1). Suppose -z*u = -35*u - 12. Determine d(u).
-8
Let a = -2 + 4. Let p(o) = 2 - 2*o - a - 1. Suppose -530*j - 3392 + 1272 = 0. Give p(j).
7
Suppose -2*q - 5*u = 26, -10*q + 15*q + 46 = -3*u. Let g(n) = 3*n + n**2 + 7*n - 1 - 1 - 4*n. What is g(q)?
14
Let p = 11674 - 11670. Let i(r) be the first derivative of -r**4/8 - 2*r**3/3 - r**2 + 2. Let x(u) be the second derivative of i(u). Determine x(p).
-16
Let a(v) = 49*v**3 - v**2 - v + 2. Suppose 46*j - 21 = 25*j. What is a(j)?
49
Let m(f) be the third derivative of -f**6/120 + f**5/12 + f**4/6 + 4*f**3/3 + f**2. Let k(z) = -27*z + 87. Let w be k(3). Calculate m(w).
-4
Let i(d) = -d**3 + 903 - 910 - 20*d - 4*d**2 + 17*d. Give i(-4).
5
Let r(c) = -c + 1. Let k(p) = 7. Let f(t) = -k(t) - 2*r(t). Let j = -8757 + 8764. Determine f(j).
5
Let u(n) = 14*n**3 - 6*n**2 - 4*n - 5. Let p be u(-4). Let f = p + 977. Let t(z) = -4*z - 13. What is t(f)?
3
Suppose -35 = 24*t - 31*t. Let b(l) = -l**2 + 6*l + 10. Calculate b(t).
15
Let b(n) = -n**3 - 2*n**2 + 10. Let v(d) = d**2 + d - 1. Let p(u) = b(u) + 6*v(u). Suppose 2*q + 20 = 32. Suppose m - 14 = -2*y, 5*m - 14 = q. Determine p(y).
9
Let g(x) = 3*x + 7. Let h(s) = -3*s - 6 + 7 + 3*s + s. Let j(t) = g(t) - 5*h(t). Give j(1).
0
Let n(y) be the second derivative of -y**7/840 + 7*y**6/360 + y**5/120 - 5*y**4/8 - y**3 + y**2 - 83*y. Let d(l) be the second derivative of n(l). Give d(7).
-8
Suppose 6*m - 3*m + 24 = 0. Suppose -6*j + 48130 = -62570. Let b(i) = -j + 18451 + 8*i**2 + 2*i**3 - i**3. Calculate b(m).
1
Let r(u) = -6*u**2 - 4*u + 5*u**2 + 60 - 70 - u**2 + 4*u**2. Determine r(-6).
86
Let b(t) = -2*t**3 + 12*t**2 + 14*t + 9. Let z be (-230)/(-1495) + -1 + 102/13. Determine b(z).
9
Let z be (-4 + 215/(-10))*(2 + -4). Suppose -3 = -8*a - z. Let u(v) be the third derivative of -v**5/30 - v**4/4 + 4*v**3/3 + 6*v**2. Determine u(a).
-28
Let x(d) = d + 1. Let o(f) be the third derivative of -f**5/30 + f**4/4 + f**3/6 - 69*f**2. Let h(j) = -o(j) + 4*x(j). What is h(4)?
27
Let c(p) = -p**2 - 12*p + 7. Let r be c(-7). Let k be 1/(1 + 1) + 231/r. Let j(b) = b - 5. Calculate j(k).
1
Let i(u) = -u**2 - 7*u + 1. Let d be (-5)/20 + (-58)/(-8). Suppose j + 42 = d*j. Let y(l) = l**3 - 8*l**2 + 9*l - 20. Let o be y(j). Determine i(o).
7
Let i(t) = -t**2 + 6*t - 7. Let s(c) = -2*c**2 + 12*c - 14. Let o(k) = -k**2 + 3*k + 52. Let a be o(9). Let m(q) = a*s(q) + 5*i(q). Determine m(5).
-2
Let b(d) = 207*d - 159. Let p(w) = 22*w - 17. Let j(o) = -8*b(o) + 75*p(o). Calculate j(2).
-15
Let o(n) = 2*n**2 + 24*n + 58. Let z be o(-9). Let q(g) = g**2 - 5*g - 3. Give q(z).
-7
Suppose -16*q = 29*q - 135. Let w(m) = 1559*m**2 + 11*m**3 - 10*m**q - 5 - 1559*m**2 - m. Calculate w(4).
55
Let o(s) be the first derivative of -1/2*s**2 - 30 - 1/3*s**3 - 3*s. Let f(j) = -j**2 + j. Let k be f(0). Calculate o(k).
-3
Let h(f) be the second derivative of -f**4/12 + f**3 + 14*f**2 + 2*f + 150. Calculate h(9).
1
Let o(k) = -k - 5. Suppose 0 = -3*y - 2*s - 20, -21*y + 19*y = 4*s + 24. Give o(y).
-1
Let l be ((-10)/(-15) + -1)/((-2)/6). Suppose 4*a - n - 4 = 0, l = 5*a - 4*a - n. Let q(d) = -a - 2 + 1 - d. What is q(5)?
-7
Let t(w) = -4*w**3 + 6*w**2 - 8*w + 8. Let o(j) = 11*j**3 - 19*j**2 + 25*j - 25. Suppose 15 = 331*z - 336*z. Let m(a) = z*o(a) - 8*t(a). Give m(8).
-13
Let g = 164 + -164. Let h(z) be the third derivative of -1/60*z**5 + 0*z**4 + 1/120*z**6 + 3/2*z**3 + 6*z**2 + 0 + 0*z. Determine h(g).
9
Let a(u) = -2*u - 12. Let f(w) = 3*w**2 + 6*w - 5. Let n be f(1). Suppose 0 = -3*k + n*k + 9. Give a(k).
6
Let c be -3 + (3 - -5)/2. Suppose 2*t = 3*s - 18, 0 = -2*s + 3*t + c + 16. Let a(u) be the third derivative of u**4/24 - 5*u**3/6 + 31*u**2 - 2. Give a(s).
-1
Suppose 2801 = 13*o - 5948. Let b = 670 - o. Let n(l) = 2 + 8*l - 3*l + 1. Determine n(b).
-12
Let o be (-2)/(2/7) + 2. Let j(k) = 8*k + 82. Let w(i) = -9*i - 92. Let x(b) = -10*j(b) - 9*w(b). Determine x(o).
3
Let g(a) be the second derivative of a**3/6 - a**2 + a. Let o(b) = 12947*b + 168315. Let i be o(-13). Calculate g(i).
2
Let h(a) = a**3 + 17*a**2 - 39*a + 20. Let y be h(-18). Let b(c) = -202 - 194 + c + y. Calculate b(0).
2
Let g(v) = v**3 + 5*v**2 - 7. Let z(c) = 4*c**2 - 340*c - 4. Let b be z(85). What is g(b)?
9
Let y(j) = -j**2 + 3*j + 4. Let o(l) = l**2 + 12*l + 40. Let c be o(-5). Suppose s - 24 = -k - 3*s, 5*k - c*s = 20. Suppose 2*m + 24 = k*m. Give y(m).
0
Let k(b) = 137*b - 169. Let z(q) = -51*q + 56. Let d(n) = -3*k(n) - 8*z(n). Calculate d(20).
-1
Let o(t) = -2*t**3 - t**2 + 4*t + 1. Let l(p) = -3*p**3 + 15*p**2 + 39*p + 10. Let f(a) = l(a) - 2*o(a). Determine f(-15).
-7
Suppose 3660 = 4*b + 4*h, -4*h + 930 = -9*b + 10*b. Suppose 3*w + 7*w - b = 0. Let q = -88 + w. Let u(t) = -t**2 + 3*t - 2. Determine u(q).
-2
Suppose -y - 5 = -0. Let i = -9 + y. Let f be (i/4)/(3/6). Let s(l) = l**2 + 6*l - 5. Determine s(f).
2
Let y(f) be the second derivative of 5*f - 1/12*f**4 + 2*f**2 + 7/6*f**3 + 7. What is y(6)?
10
Suppose c = a - 58, -3*c = -a - 5 + 71. Let b(n) = -n**3 + 52*n**2 + 110*n - 114. Give b(a).
-6
Let l(n) be the third derivative of -n**4/24 - n**3/3 + n**2 - 769. Give l(-7).
5
Let s(r) = 22*r - 46. Let v(d) = 9*d - 19. Suppose -5*i + 80 = -4*h, -2*i - 5*h = -0 + 1. Let w(q) = i*v(q) - 5*s(q). Give w(9).
-16
Let m(a) = 61*a + 486. Let b(i) = 18*i + 164. Let r(q) = -11*b(q) + 4*m(q). Calculate r(-3).
2
Let q = -1048 + 1052. Let o(x) = -9 - q*x + 530*x**2 + 0 + x**3 - 537*x**2. What is o(7)?
-37
Suppose g - 5 = 0, 4*x + g - 2*g + 9 = 0. Let j(b) be the third derivative of -32*b + 0*b**4 - 3*b**2 + 0*b**3 + 0 + 3/20*b**5. Give j(x).
9
Let k = -9840 + 9847. Let b(f) = 8*f - 21. Calculate b(k).
35
Let n(x) = x**3 - 6*x**2 + 5*x + 1. Let i(r) be the third derivative of 0*r + 0 - 2*r**2 + 1/60*r**5 - 1/8*r**4 - 49/6*r**3. Let m be i(9). Calculate n(m).
1
Let l(q) = 13*q**3 + 2*q**2 + 2*q + 1. Suppose -25*w - 12 = -31*w. Let y be 2*((-4)/w)/4. Calculate l(y).
-12
Let i = -34318 - -34323. Let b(g) = -1 + 0*g**2 - 4*g - g**3 + 0 + g**2 + 4*g**2. Calculate b(i).
-21
Let g(p) = p**2 - 11*p + 19. Suppose v + 3*w - 12 = 6*w, -38 = -4*v + 2*w. Let y be (v/(-108)*-15)/(2/16). Calculate g(y).
9
Let l(i) = 5*i - 2. Let x be l(2). Let g(v) be the third derivative of v**4/24 - 5*v**3/6 - 2*v**2 + 182*v - 1. Calculate g(x).
3
Suppose 122 = 23*i + 30. Let d(o) = 828 + o**2 - i*o + 836 - 1669. Calculate d(-4).
27
Let d(r) be the third derivative of 11*r + r**2 - 1/24*r**4 - 1/2*r**3 + 0. What is d(8)?
-11
Suppose 0 = 135*u - 137*u + 6. Let l be -2 + 3 + u + 0. Let x(d) be the third derivative of d**6/120 - d**5/20 - d**4/12 - 2*d**3/3 + d**2. Give x(l).
4
Suppose -4*z = -43*z + 4368. Let t be z/(-70) - 6/(-10). Let m(n) = -2*n**2 - 1. Give m(t).
-3
Let p(g) = 18*g**2 - 6*g + 3. Let d(c) = -23*c**2 + 5*c - 4. Let b(o) = 4*d(o) + 5*p(o). Let k(n) = -n**3 - n**2 + n - 4. Let z be k(0). Determine b(z).
7
Let x(t) = 99*t**2 + 4*t + 95*t**2 - 193*t**2 - 26 - 30. Determine x(-9).
-11
Let s(a) = -a**3 - 7*a**2 - a - 66. Let l be s(-8). Let f(j) = -5. Let o(g) = g + 20. Let q(u) = -9*f(u) - 2*o(u). Calculate q(l).
-7
Let o(x) = 6 + 0*x**3 - 8785*x**2 - 5*x**3 + 9*x**3 + 8786*x**2 - 3*x**3 + 8*x. Calculate o(-1).
-2
Let m(t) = -1. Suppose 0 = -2*o + 7*o - 3*k + 4, k = 3*o. Let r(a) = -a**3 - 3*a + 3. Let d(x) = o*r(x) + 6*m(x). Determine d(-2).
11
Let p(n) = n**2 - n. Let l(w) = 3*w**2 + 6*w + 3. Let s(t) = -l(t) + 4*p(t). Let x be (1 + (-11)/(-3))*12*(-2)/(-16). Give s(x).
-24
Let k(c) = -5*c - c + 15 + 14*c + 13*c. Let g(y) = 9*y + 8. Let u(m) = -9*g(m) + 4*k(m). Give u(9).
15
Let c be 342/(-24) + (-1)/(-4). Let j = c - -10. Let u(i) be the third derivative of -i**5/60 + i**4/12 + 5*i**3/6 - 2850*i**2. Calculate u(j).
-19
Suppose -8 = -a + 22. Suppose 2*p - a = -4*p. Let l(u) = 7*u - 9. Let x(m)